*v - 10. Let t be q(3). Let o = -7 - -11. What is the remainder when o/5 - t/5 is divided by 21?
19
Suppose -2*h + 2*u - 96 = -0*u, 4*h + 185 = -3*u. Let b = -45 - h. Calculate the remainder when 2 + (-2)/2*-3 is divided by b.
1
Let k = 19 + 2. Let o = -8 + k. Calculate the remainder when 3/(((-5)/12)/(-5)) is divided by o.
10
Let j = -10 - -19. Suppose -55*l = -52*l - 75. What is the remainder when l is divided by j?
7
Let d be (-55)/(-20) - (-2)/8. Suppose -d*i = -6*i - 9. What is the remainder when 18 is divided by 4 + i + 2 + 2?
3
Suppose -5*h + 206 = u, -5*h + 3*h + 100 = -4*u. Calculate the remainder when h is divided by 27.
15
Let l(s) = 27*s**2 - 5*s + 6. Calculate the remainder when 70 is divided by l(1).
14
Let l(h) = h**3 + 5*h**2 + 9*h + 19. Calculate the remainder when 146 is divided by l(-3).
6
Suppose 4*q = -3*t + 15, 0 = t - 4 + 3. Let j(k) = -3*k + 23. Calculate the remainder when 51 is divided by j(q).
9
Let b(j) = -42*j - 11. Calculate the remainder when b(-1) is divided by 21.
10
Suppose 0*l - 180 = -5*l - 4*d, 0 = 2*l + 5*d - 72. Calculate the remainder when 97 is divided by l.
25
Let v = 1036 - 985. Calculate the remainder when 1221 is divided by v.
48
Suppose -6*g + 4*g = 4. Let t = 58 + -33. What is the remainder when t is divided by 3 + 9/g - 23/(-2)?
5
Let l(p) = p + 91. Let d be 12/9*33/2. Let a = 3 + d. Calculate the remainder when l(-18) is divided by a.
23
Suppose -90*r = -82*r - 360. Calculate the remainder when 222 is divided by r.
42
Let u = 86 + -82. Suppose u*g - 2*l = 40, -5*l = g - 3*g + 4. Calculate the remainder when 47 is divided by g.
11
Let d = 3 + 11. Suppose -6*g - 31 = -445. What is the remainder when g is divided by d?
13
Suppose 2*m - 5 = 1. Suppose 0*i = m*i - 36. Let s(f) = -3*f**2 + 34*f + 31. What is the remainder when i is divided by s(12)?
5
Let a = -767 + 770. Calculate the remainder when 102 is divided by a.
0
Let f be 1*3/(-18) - (-118)/(-12). Suppose 0*w - 32 = -w. Let i = f + w. Calculate the remainder when i is divided by 8.
6
Suppose -6*b = 21 + 27. Let f = b + -1. Let a = 30 + f. What is the remainder when 41 is divided by a?
20
Suppose 0 = 184*c - 185*c + 22. What is the remainder when 80 is divided by c?
14
Let l(s) = -8*s**3 - 2*s**2 + s + 4. Suppose -8 = 3*t - 2. What is the remainder when l(t) is divided by 15?
13
Let g = -78 - -85. Suppose 2*k + 4*y = -4, 3*k = -0*k + y + 29. Let f = k - 5. What is the remainder when g is divided by f?
1
Let s = -523 - -852. What is the remainder when s is divided by 22?
21
Let b = 49 + -30. Suppose -3*w + 15 = -5*r - 18, -5*w - r = -83. What is the remainder when b is divided by w?
3
Let r be ((-18)/(-8))/3*-4. Let z = -7 - -5. What is the remainder when 3 is divided by (0 + r - z)*-1?
0
Suppose -8*m - 397 = -1341. Calculate the remainder when m is divided by 2 + (-1 + 0)*-9.
8
Let j = -22 - -70. Let g be 12/20 - (-4)/10. What is the remainder when j is divided by g/(-1 - 104/(-100))?
23
Let r = -1525 - -1574. What is the remainder when r is divided by (-1)/2 - 43/(-2)?
7
Suppose -4*b = -4*u + 84, 5 = -3*u + 5*b + 64. Suppose r + 16 = 4*m + 3*r, -5*m - r + u = 0. What is the remainder when m is divided by 1?
0
Let u(m) = -m**2 + 20*m - 58. Calculate the remainder when u(12) is divided by 14.
10
What is the remainder when 26 is divided by ((-210)/(-50))/(3/10)?
12
Let u = 507 + -103. What is the remainder when u is divided by 41?
35
Suppose -84 = -3*h - 24. Calculate the remainder when h is divided by 4.
0
Let v = -3 + 8. Let r = 34 + 13. Suppose 13 = -2*o + 3*o - 3*x, 3*x = -v*o + r. What is the remainder when 29 is divided by o?
9
Suppose -56 = -4*d + i, -12 = -i + 4*i. Let m = d - -1. Suppose 2*t - 7 = 47. Calculate the remainder when t is divided by m.
13
Suppose 2*b - 6 = -b. Suppose 21*c = 20*c + 24. Calculate the remainder when c is divided by (b/3)/(10/195).
11
Let h(v) = -v**3 + 8*v**2 - 10*v + 15. Let m be h(6). Suppose -m*x = -22*x + 40. What is the remainder when 64/2*(-6)/x is divided by 13?
11
Let y = 14 - 10. Let n = -42 - -59. What is the remainder when n is divided by y?
1
Let b = 56 - 38. Suppose -429 = -6*t - 9. Calculate the remainder when t is divided by b.
16
Let h(d) = -2*d**3 + 41*d**2 + 25*d - 41. What is the remainder when h(21) is divided by 42?
1
Suppose 6*f - 3*l - 9 = 4*f, 0 = -4*f - l + 25. Calculate the remainder when 23 is divided by f.
5
Let k = 67 + -35. Suppose -9*h + 6*h = -21. Suppose -276 = -h*u + 158. Calculate the remainder when u is divided by k.
30
Suppose 209*z - 42 = 206*z. What is the remainder when 82 is divided by z?
12
Suppose -513 = 3*o - 30*o. Suppose -4*l = -0 - 20. Calculate the remainder when o is divided by l.
4
Let h = -38 - -38. Suppose h*p + 95 = 5*p. Let d(m) = -m**3 - 3*m**2 - 2*m - 6. Calculate the remainder when d(-5) is divided by p.
16
Suppose 329 = 5*o - 2*k, -5*k + 52 = 2*o - 97. Let t = -175 - -192. Calculate the remainder when o is divided by t.
16
Suppose -73*t + 87*t - 1176 = 0. What is the remainder when 155 is divided by t?
71
Let p(a) be the second derivative of -9*a**5/20 - 7*a**4/12 - a**3/6 + a**2 + 28*a. What is the remainder when p(-3) is divided by 47?
44
Let x be (-3)/(12/(-32)) - 1. Suppose 4*v + 4*h - 12 = 0, -3*v - x = h - 26. What is the remainder when 23 is divided by v?
7
Calculate the remainder when 22 is divided by 2355/150 - (-9)/30.
6
Let k(a) = -6*a**3 + 2. Let u be ((-2)/(-2))/(3 + (-56)/20). Suppose -u*x + 8*c + 145 = 3*c, 75 = 3*x + 3*c. Calculate the remainder when k(-2) is divided by x.
23
Let g(h) = -9*h - 20 + 0*h**2 - 5*h**2 + h**3 + 26. Calculate the remainder when g(7) is divided by 11.
8
Let z(w) be the first derivative of -w**2 + 9*w + 1. Let d be z(-11). Let a = -18 + d. Calculate the remainder when 25 is divided by a.
12
Let y(x) = -7*x - 4. Let f(k) = 4*k + 2. Let a = -14 - -19. Let q(b) = a*f(b) + 3*y(b). Calculate the remainder when q(-9) is divided by 3.
1
Let g(b) = 13*b - 1. Let a = -8 + 10. Suppose 2*q = q + a. What is the remainder when g(q) is divided by 14?
11
Suppose -194 = -5*t + 4*z, 0 = -3*z + z - 2. Suppose -51 = -2*c + 11. Suppose 19 = 5*k - c. Calculate the remainder when t is divided by k.
8
Let f = 19 - 16. Suppose 0*c + f*c - 48 = 3*l, 0 = -2*c - 3*l + 32. Calculate the remainder when 46 is divided by c.
14
Suppose 3 = j - 0*j. Suppose 7*m + j*t = 3*m + 1, 5*m = -4*t. Let b(a) = 3*a - 9. Calculate the remainder when b(6) is divided by m.
1
Let p = 8 + -4. What is the remainder when (2/p)/(4/856) is divided by 11?
8
Suppose -16 = 6*v - 46. Suppose 0 = -3*q + 3, -3*c = -v*c + 5*q + 39. What is the remainder when c is divided by 14?
8
Let m(z) be the second derivative of z**5/20 + 2*z**4/3 + 5*z**3/6 + z**2/2 + 3*z. Let y = 15 - 6. What is the remainder when m(-7) is divided by y?
6
Let q(x) = x + 46. Calculate the remainder when 105 is divided by q(-18).
21
Suppose -4*y + 2*l = 5*l - 264, -2*y + 5*l = -106. Suppose -5*p = 6*p - 66. What is the remainder when y is divided by p?
3
Suppose -3*u + 377 - 98 = 0. What is the remainder when u is divided by 48?
45
Suppose 0 = k + k - 8. Let m(r) = r**3 - 28*r**2 + 5*r + 39. Let c be m(28). Let x = c + -165. Calculate the remainder when x is divided by k.
2
Let f be (-68)/(-4) + -1 - -1. Let l(a) = 10 + a**2 - f - 5*a + 10. Calculate the remainder when l(-4) is divided by 10.
9
Suppose -2*u + 58 = -2*i, 5*u - 21*i - 139 = -18*i. What is the remainder when 61 is divided by u?
9
Let q = 275 + -243. What is the remainder when 125 is divided by q?
29
Suppose -5*y = 5*c + 25, 0*y = -3*c + 2*y. Let i = -82 - -100. Let k = i - c. Calculate the remainder when k is divided by 11.
9
Let a(t) = -t**2 + t + 12. Let j be a(0). Let o = 9 - j. What is the remainder when 18 is divided by 60/o*2/(-4)?
8
Let v = 10 + -9. Let m = 3 - v. Suppose m*c - c = 12. Calculate the remainder when 45 is divided by c.
9
Suppose -8*i + 8 = -56. What is the remainder when 27 is divided by i?
3
Suppose -5*m = -y - 393, -5*m = y + 105 - 502. Let w = 113 - m. Calculate the remainder when w is divided by 7.
6
Let w(p) = 2*p**3 + 19*p**2 + 3*p - 5. What is the remainder when 60 is divided by w(-9)?
11
Let m = 28 - 0. Let i(x) = -x**3 + 13*x**2 + 8*x + 7. Suppose -4*t - t + 65 = 0. Calculate the remainder when i(t) 